5. Let r(i) = i**3 + 16*i**2 - 17*i + 4. Let k be r(-17). Give b(k).
6
Let q = -5 + 8. Let b(m) = 2*m + 5 - 3*m - q. Suppose 0*k + 6 = 2*k - 3*c, -5*k - 3*c - 6 = 0. Calculate b(k).
2
Suppose 4*v - 25 = -v. Let k(x) = -v + 0 + 0*x + x**3 - x + 0*x. Let n be (0 + 2 + -2)*-1. Calculate k(n).
-5
Let k(u) = -115*u + 116*u - 1 + 2. Let z be (-3)/((-3)/(-2) - 0). What is k(z)?
-1
Let a(w) = w**3 - 4*w**2 - 5*w - 2. Let z be a(5). Let i(m) = m + 2. What is i(z)?
0
Let r(i) = i**2 - 7*i + 9. Let l be r(6). Suppose 0 = 2*m + 2*q + l*q - 6, 0 = m - 2*q + 6. Let j(b) = -b**2 - 4*b - 1. Determine j(m).
3
Let u = 7 - 10. Let m(k) = 2*k + 4. Let v(s) = -s + 2. Let n(c) = -m(c) + v(c). Give n(u).
7
Let m(x) be the third derivative of -x**6/120 + x**5/15 + x**4/12 + 5*x**3/6 - 23*x**2. What is m(4)?
13
Let u(a) = -3*a**3 + 2*a**2 + a + 1. Let c(l) = -11*l**3 + 9*l**2 + 5*l + 4. Let s(f) = 2*c(f) - 9*u(f). Give s(1).
5
Let p(x) = 8*x - 1. Let a be p(-1). Let d = a + 10. Let y(z) = 7*z + 1. Determine y(d).
8
Let m(b) = 2*b + 1. Let q be m(2). Let n = -2 + q. Let s(k) = -3 + 2*k + n + 0*k. Give s(-3).
-6
Let y(t) = t - 2. Let x be y(5). Let r(n) = -x + 4*n - n**3 - 4*n. Let h = -4 - -4. Determine r(h).
-3
Let t(z) = z**2 + 9*z**2 - 9*z**2 + 0*z + 5*z + 6. Determine t(-5).
6
Let j(k) = k**2 - 8*k + 5. Let w(l) be the first derivative of l**3/3 + 3*l**2 + 6*l - 1. Let d be w(-6). What is j(d)?
-7
Suppose 2*y + 4*n - 16 = -4, 4*n - 12 = 5*y. Suppose y = -3*b + 3 - 12. Let l(u) be the second derivative of -u**3/3 - 3*u**2/2 - 6*u. Give l(b).
3
Let b(t) = 1 + 2*t + 4*t - 2 - t**2. Let p be 176/30 + -1*(-2)/15. Calculate b(p).
-1
Let u(t) = -13*t**2 + t. Suppose 3 = -0*h - 3*h. Determine u(h).
-14
Let y be 8/2 + -4 + 3. Suppose -7*c + y*c + 20 = 0. Let i(p) = 5*p + 1 - 4*p**2 + 5*p**2 - c*p + 5*p. What is i(-4)?
-3
Let a(h) = 7*h + 12. Let s(y) = -y - 1. Let l(j) = -a(j) - 6*s(j). Determine l(-6).
0
Suppose -5*d - 2*h = -7, 2*d - h - h = 14. Let g(s) = -5*s**2 + s**2 - s**2 - 5 - 5*s + s**d + 0*s**2. What is g(6)?
1
Let x = 3 + -4. Let z = 2 - x. Let s(c) = -4*c**2 - z + 4 - c - 2*c**2. What is s(1)?
-6
Let v(w) be the second derivative of w**4/12 - 5*w**3/6 - 3*w**2/2 - 10*w. Give v(4).
-7
Let o(u) = -u + 1. Let b(g) = g**3 + 5*g - 4. Let l(k) = -2*b(k) - 9*o(k). Let d = 0 + -1. Calculate l(d).
2
Let o(m) be the second derivative of m**5/20 + 5*m**4/12 - 5*m**3/6 + 4*m**2 - 5*m. Give o(-6).
2
Let s(n) = n**2 + n. Let w = -18 + 17. Calculate s(w).
0
Let w(a) = a**2 - 5*a + 3. Let l(t) = -3 - 5*t + 2 + 2. Let v(u) = 14*u - 3. Let x(g) = 17*l(g) + 6*v(g). Let b be x(-4). Calculate w(b).
-3
Let j(p) be the first derivative of -p**4/4 - p**3 - 2*p**2 - 3*p + 8. Determine j(-3).
9
Let x(p) = -3*p**2 + 2*p - 4. Let i(f) = -2*f**2 + f - 4. Let t(m) = 6*i(m) - 5*x(m). Let o(k) = 13*k**2 - 16*k - 16. Let n(l) = -2*o(l) + 9*t(l). Give n(3).
-7
Let n(p) = -p**3 - 2*p**2 + 2*p - 1. Suppose 3*s = 2*s + 2. Suppose -2*w - s = -4*w. Give n(w).
-2
Suppose 0 = -2*b - 3*h - 4, 4*b + 2*h - 5 = -13. Let z(m) = 9*m**2 + 2*m + 9. Let u(x) = -4*x**2 - x - 4. Let g(r) = 14*u(r) + 6*z(r). Give g(b).
-6
Let o be -2 + 5 - (5 + -3). Let v(d) = -o + d - 7*d**3 + 6*d**3 + 0*d**3 - 2*d**2 + 2. Suppose -2*l + 5*c = -6*l + 17, 3*l = -4*c + 14. Determine v(l).
-1
Suppose 4 = -p + 3*m, -p - m = 3*p + 16. Let s(b) be the second derivative of -b**4/12 - b**3/2 + b**2 - 11*b. Calculate s(p).
-2
Let s(c) = 7*c**2 + c - 1. Let z be s(1). Let n = -2 + z. Let f(m) = m**3 - 5*m**2 + 4. What is f(n)?
4
Let g(b) = -31 - 2*b + 62 - 33. What is g(-5)?
8
Let p(d) be the second derivative of d**5/60 + 7*d**4/24 + d**2/2 - d. Let r(j) be the first derivative of p(j). Let c be 2*((-12)/8 - 1). What is r(c)?
-10
Suppose -3 = -3*x - 0*x. Let d(p) = 4*p**2 - 4*p**2 - 7*p**3. Calculate d(x).
-7
Let x(b) = -5*b**2 + b - 1. Let q(z) = z**3 - 4*z**2 + 3*z - 4. Let m be q(3). Let u = m + 8. Suppose u*n - 3 = n. Calculate x(n).
-5
Let a(p) be the third derivative of p**5/60 - p**4/8 + 20*p**2. Calculate a(3).
0
Let u = -11 - -8. Let p(n) = -4*n - 1. Let q(d) = -d + 6. Let t(s) = -1. Let h(o) = -q(o) - 6*t(o). Let x(g) = -6*h(g) - p(g). What is x(u)?
7
Let q = 5 + -1. Suppose q = o + o. Let l(j) be the first derivative of j**4/4 - 3*j**2/2 + 3*j - 4. Calculate l(o).
5
Let g(n) = 4*n + 272*n**3 + 2*n**2 - 3 - 135*n**3 - 138*n**3. Give g(3).
0
Let f(v) be the first derivative of v**3/3 - v**2/2 - 2*v + 28. Let k be 1/(-4) + (-1)/(-4). Calculate f(k).
-2
Let t = -16 - -18. Let s(u) be the first derivative of u - t + 3/2*u**2. Determine s(-1).
-2
Let a = -1 - 1. Let b(i) = -i**3 + i**2 - 2*i - 2. Calculate b(a).
14
Let f(u) = u**2 - 4*u. Let h be 1 + -1 + -2 - 0. Let d = 5 + h. Calculate f(d).
-3
Suppose 3 = -2*a + 5*q - 0, -3*q = -a - 3. Let x(j) = j**2 - 4*j - 6. Calculate x(a).
6
Let g(b) = b - 3. Let m(w) be the third derivative of -w**4/24 + 11*w**3/6 + 3*w**2. Let z be m(7). What is g(z)?
1
Let j(u) = -4 - 2 - 2*u + 0 + 3*u. What is j(6)?
0
Let p(s) be the first derivative of -1 + 0*s + 1/2*s**2. Calculate p(6).
6
Let q(k) be the first derivative of -k**5/120 - k**4/8 - 2*k**3 + 5. Let a(y) be the third derivative of q(y). Determine a(-3).
0
Let u(x) = -5*x**3 + 9*x**2 - 5*x - 4. Let q(w) = 11*w**3 - 19*w**2 + 10*w + 9. Let k(v) = -4*q(v) - 9*u(v). Determine k(4).
4
Let z(r) be the second derivative of -1/12*r**4 + 4*r**2 + 0 - 5/6*r**3 - 4*r. What is z(-7)?
-6
Let z(q) be the third derivative of q**6/120 - q**5/10 + 5*q**4/24 - q**3/6 - q**2. Let r(a) = -4*a - 19. Let o be r(-6). Calculate z(o).
-1
Let h(d) be the first derivative of -d**3/3 + d**2/2 + 6*d + 5. Let j(g) = -g**2 + 7. Let n(a) = 4*h(a) - 3*j(a). Give n(4).
3
Suppose 3*c - 49 = -5*n, 5*c - 17 = 3*n + 8. Let v = c - 4. Let d(u) = 7*u**2 + v*u - 4 + 6 - 4*u**2. Calculate d(-2).
6
Suppose 0 = 2*s + 5 - 15. Let o = s + -6. Let k(l) = -8*l**2 + 1. Give k(o).
-7
Suppose i = b + 1, -2 - 7 = 4*b - 3*i. Let m(k) = -2*k - 6. Calculate m(b).
6
Let i(r) = r - 2. Let k be 1 + 5/((-5)/(-3)). Calculate i(k).
2
Let x be 4 - (2 - (-6)/(-2)). Let h = x + -3. Let g(p) = -2 + 2 + 0*p**h - 1 + p**2 + p. Determine g(-3).
5
Let k be (2/(-2))/((-7)/21). Suppose -2*a - k*x = -0*x + 21, 4*x = -a - 23. Let i(n) = n**2 + 2*n + 3. Give i(a).
6
Let c(f) = 9*f - 28*f + 11*f - 3. Calculate c(-2).
13
Let k(d) = -3 - 10 - d - 2 + 7. Give k(6).
-14
Suppose 2*t + 14 = -0*t. Let r = 1 + t. Let g(s) = -s**2 - 6*s - 2. Calculate g(r).
-2
Suppose -9*l + 40 = -5*l. Let y = l + -6. Let p(v) = -v - 1. What is p(y)?
-5
Suppose 2*k = 14 - 0. Suppose g = 4*f - 0*f - k, -2*f - 4*g = -26. Suppose -9 = -2*i + u, f*i - u = 6*i - 6. Let r(s) = -2*s + 4. Determine r(i).
-2
Let y(t) = -5*t - 25*t**2 + 17*t**2 + 9*t**2 + 3 + 4*t. Calculate y(0).
3
Let s = -1 + 0. Let k(t) = -t**2 - t - 1. Let p(u) be the first derivative of -2*u**3/3 + u**2 + 3*u - 2. Let a(m) = -3*k(m) - p(m). Determine a(s).
4
Let f(j) be the third derivative of 1/12*j**4 + 1/90*j**6 + 0 - j**2 + 0*j + 0*j**3 + 1/120*j**5. Let r(s) be the second derivative of f(s). Calculate r(-1).
-7
Suppose -8 = -4*z - 0. Suppose z*l - 1 = -13. Let d be (3/(-1))/(l/4). Let w(s) = -s + 2. Calculate w(d).
0
Suppose 3*q + 7 = 22. Let v(s) = -5*s + 7. Determine v(q).
-18
Let l(g) = 1. Let n(s) = s + 11. Let c(m) = -2*l(m) + n(m). Give c(-4).
5
Let b(g) = -2*g. Let j = 2 + -5. Let r = 1 + j. Let t be b(r). Let w(y) = y**2 - 5*y + 3. Give w(t).
-1
Let a(m) be the third derivative of -m**5/60 + m**4/24 - 4*m**2. Calculate a(1).
0
Let c(o) be the third derivative of -o**6/120 - o**5/15 + o**4/12 + o**3/6 + 8*o**2. Give c(-4).
-7
Let h(w) = w**2 + 3*w + 3. Suppose v + 4*y = -1, 2*y = 2*v + 2 + 10. What is h(v)?
13
Let v be 5/2 - 1/2. Let f(u) = -2*u**2 + 6 + 3*u**2 - 5*u**2 - 2*u**v + u**3 + 4*u. Determine f(5).
1
Let o(x) = x**3 + 3*x**2 - 5*x + 2. Let n be o(-4). Let d(j) = -j**2 + j - 9 + 3 - n*j + 2*j**2. Give d(6).
0
Let r(a) be the second derivative of 7*a**3/6 - 7*a. Determine r(-1).
-7
Let n = -2 + -2. Let r(l) = l - 5. Calculate r(n).
-9
Let h(o) = 2*o + 1. Let i be (2/2)/((-34)/(-12) - 3). Calculate h(i).
-11
Let h(c) be the third derivative of -c**4/3 - c**3/6 + 5*c**2. What is h(-1)?
7
Let n(w) = -w**2 - w. Let p(l) be the first derivative of l**3/3 + 2